s the hundreds digit of m?
4
Let p be 9/(3/3)*40. Suppose -3*h + 202 = t, -5*h + t + 2*t + p = 0. What is the tens digit of h?
6
Let f(k) be the first derivative of k**4/4 + k**3 + k**2 + 3*k + 13. What is the tens digit of f(4)?
2
Suppose y + 2*z - 1528 = 0, -y = -2*y - 4*z + 1528. What is the hundreds digit of y?
5
Let l(b) = -b**2 - 4*b + 13. Let q be (-6 + 15)/((-3)/2). Let x be l(q). What is the tens digit of x*68 - (5 - 2)?
6
Let c = 8 + -6. Let z be 0/(0 + (c - 1)). Suppose z = -2*f + f + 30. What is the tens digit of f?
3
Suppose -2 = -2*i + 10. Let p(v) = -v**3 + 7*v**2 - 6*v + 5. Let z be p(i). Suppose -z*n - 56 + 186 = 0. What is the tens digit of n?
2
Let l = -2031 - -3404. What is the thousands digit of l?
1
Suppose 17*s - 80190 = -37*s. What is the thousands digit of s?
1
Let x = -5 + 5. Suppose x = -y + 5 - 17. What is the units digit of y/42 - (-18)/14?
1
Suppose 4*z = 20 - 4. Suppose 0 = -g - z*g + 20. Suppose 0*d + d = -4*s + 23, -g*s = 5*d - 35. What is the units digit of d?
3
Let t be -1 + -1 + -1*7. Let p(c) = c + 26. Let a be p(-16). Let n = a + t. What is the units digit of n?
1
Let f(t) = 14*t - 67. What is the tens digit of f(33)?
9
Let y = -174 + 178. Let q = 4 + -7. What is the units digit of q - (y*-15)/4?
2
Let m = 7 - 4. Let n be (-3)/((7/2)/7). What is the units digit of (1 - m/n)*2?
3
Let o(i) = 10*i**3 - 2*i**2 + i - 1. What is the hundreds digit of o(3)?
2
Let t be 959/14*6/3. Let v = t + -79. Suppose 3*a - 57 - 79 = -5*u, -3*a + v = 2*u. What is the tens digit of u?
2
Let l = 3473 - 265. What is the tens digit of l?
0
Let u(x) = x - 22. Let p(j) = j - 41. Let f(q) = 4*p(q) - 7*u(q). Let g(n) = 2*n + 2. Let s be g(-3). What is the units digit of f(s)?
2
Let j be 3/(-5) - (-56)/10. Suppose 2*k + 50 = 2*r - k, j*r = -5*k + 75. Suppose 2*d + m = 17, -5*d + r = 2*m - 21. What is the units digit of d?
6
Let v = -85 - -89. Suppose v*t - 184 = 2*i, t + t - 5*i - 108 = 0. What is the tens digit of t?
4
Let s(i) = -3*i**3 + 4*i**2 + 3. Let r be s(3). Let q = r - -164. What is the hundreds digit of q?
1
Suppose 0 = w - 2, 5*t - 2*w - 2118 = 1008. What is the tens digit of t?
2
Let q(c) = c**3 - c**2 + c - 5. Let b = 0 + 0. Let m be q(b). Let t(v) = v**2 - 2*v - 5. What is the units digit of t(m)?
0
Suppose -2*m - 34 = -2*j + 12, -3*j = 5*m + 83. Let k = m - -20. Suppose 3*o + k - 10 = 0. What is the units digit of o?
3
Let r be 42/(-105) + (-294)/(-10). Let i = 99 - r. Let v = i - 13. What is the tens digit of v?
5
Suppose 0 = g - 4*x - 114, 4*g = 4*x + x + 445. Suppose -5*j + 0*j + g = 0. Let i = j - -4. What is the units digit of i?
6
Suppose -260 = -8*s + 3*s. Let j be (s - 16) + 2/(-2). Suppose m - j = -0*m. What is the tens digit of m?
3
Let c be 1*-106*(-2)/4. Suppose -2*g + 93 = -c. What is the tens digit of g?
7
Let f = 15 + 5. Let z = -3 + f. What is the units digit of z?
7
Let w(k) = -3*k**2 + 5. Let i be w(-3). Let y = -17 - i. Suppose y*o = -3*g + 186, -o - 80 = -3*o - 4*g. What is the units digit of o?
6
Let q(c) = c**2 - 9*c + 2. Let w be q(8). Let g = w - -4. What is the tens digit of (3*g)/3*-13?
2
Suppose 0 = 3*i + 4*x - 89, 3*x + 0*x = -3. Let d be (-2 - 0) + (-12 - 6). Let l = d + i. What is the units digit of l?
1
Suppose -5*p = -0*p - 5*m - 25, 5*p - m - 21 = 0. Suppose -p*t + 63 = -69. What is the tens digit of t?
3
Let p(u) = -u**3 - u**2 - 2*u + 35. Suppose 5*b - 5*m = 25, 3*m = -3*b - m - 20. What is the tens digit of p(b)?
3
Let z = -67 + 1. Let f = z + 155. What is the tens digit of f?
8
Suppose -86850 = -65*n + 35*n. What is the thousands digit of n?
2
Let z = 1198 - 493. What is the tens digit of z?
0
Let k be (15 - 14)/(-1 + 2). What is the tens digit of k/(-2)*(-129 - -13)?
5
Let z = 334 - -158. What is the tens digit of z?
9
Let c(v) = -v**2 - 23*v - 26. Let l = 122 - 142. What is the units digit of c(l)?
4
Let b(l) = 7*l**2 + 2*l + 1. Let q be b(-1). Let p = q + -13. What is the units digit of p/3*24/(-8)?
7
Let f(d) = 2*d**3 + 21*d**2 - d - 4. What is the tens digit of f(5)?
6
Suppose -21 = 5*f - 61. What is the units digit of f?
8
Let q = 41 + -10. Let r = 40 + q. Let m = r + -51. What is the tens digit of m?
2
What is the units digit of (3/((-9)/(-2)))/((-38)/(-24567))?
1
Let k = -464 - -142. Let v = k + 504. What is the units digit of v?
2
Let k = 12 + -8. Let y = k - 0. Suppose y*i + 3*j = -2*j + 88, -2*j = 8. What is the tens digit of i?
2
Suppose i - 4*i = 3. What is the tens digit of i/((-3)/114)*15/6?
9
Let p = -183 + 334. Suppose 0*s - 412 = -4*z + 2*s, 0 = s - 4. Let u = p - z. What is the units digit of u?
6
Let v = 214 + 1096. What is the tens digit of v?
1
Suppose 4*p - m = -271 + 4354, -p + 5*m + 1016 = 0. What is the units digit of p?
1
Let l = 380 + 659. What is the units digit of l?
9
Let r = -99 + 100. Suppose 660 = -3*x + 7*x. What is the units digit of r/2 - x/(-10)?
7
Let o = -14 - -13. Let b be o - (5 + -4 + -3). Suppose 0*w = w - b. What is the units digit of w?
1
Let b(m) = -10*m**3 - 10*m. What is the units digit of b(-5)?
0
Suppose 0 = -5*d + 3*d + 12. Let w = -6 + d. Suppose -180 = -4*h - c, h - 48 = -w*h - c. What is the units digit of h?
4
Let d(z) = z**2 + 2*z + 82. Let t(m) = m**3 - 14*m**2 + m - 14. Let w be t(14). What is the tens digit of d(w)?
8
Let h(d) be the third derivative of 7*d**4/24 - 49*d**3/6 - 7*d**2. What is the tens digit of h(16)?
6
Let y(c) = -c. Let a be y(-3). Suppose 0*d + 399 = 3*d - 4*w, 5*w = a*d - 396. Suppose 0 = 3*l - d - 10. What is the tens digit of l?
4
Let v = -5 + 12. Let l = v - -3. What is the units digit of (l/(-15))/((-2)/54)?
8
Let t = -2056 + 1158. Let z = -553 - t. Suppose 5*p - z = -135. What is the tens digit of p?
4
Let i be (12/8)/((-6)/16). Let f be 190*(6/(-3))/i. Suppose -f = 3*o - 8*o. What is the units digit of o?
9
Let n(y) = 4*y + 46. Let r be n(-5). Suppose -164 - r = -2*u. What is the units digit of u?
5
Let n(c) = c**3 + 8*c**2 + 3*c. Suppose 1 = 5*l + 36. What is the units digit of n(l)?
8
Let j(i) = i**3 - 3*i**2 + 2*i - 2. Let u be j(2). Let t be (u + (6 - 3))*1. Let m(d) = 36*d**2 - 3*d + 3. What is the units digit of m(t)?
6
Let f = -505 - -75. Let k = -303 - f. What is the units digit of k?
7
Let q be ((-278)/3)/((-18)/(-54)). Let l = q - -467. What is the hundreds digit of l?
1
Let l(r) = -36*r + 1903. What is the tens digit of l(0)?
0
Suppose z + 3*m + 3 = 34, -3*z - 4*m = -68. Suppose -2*h + z = 3*w, 1 = -h - 0*h. What is the units digit of w?
6
Let b = 4 + 49. Let z = -39 + b. What is the tens digit of z?
1
Let t(s) = s**2 - 4*s - 9. Suppose -21 + 46 = -5*u. What is the units digit of t(u)?
6
Suppose -268*v + 6348 = -264*v. What is the thousands digit of v?
1
Let a(b) = -b**2 - 4*b**3 + 4*b**2 - 6 - 4*b**2 + 14*b**3. What is the units digit of a(3)?
5
Let j = 696 + 281. What is the tens digit of j?
7
Let g = 4625 + 180. What is the hundreds digit of g?
8
What is the tens digit of (-30)/165 + 76405/55?
8
Let u = 46 + -30. What is the units digit of 1 - (-744)/16*u/6?
5
Let n(f) = 5*f - 6*f + 2*f + 8. Let w be (18/4)/((-24)/32). What is the units digit of n(w)?
2
Let o = -3045 + 4512. What is the hundreds digit of o?
4
Suppose -2*b - 2 = f - 48, 4*b = 5*f - 160. Suppose 5*z - 4*c = f, 2*c = 5*z + 4*c - 12. Suppose -z*v + 112 = -0*v. What is the units digit of v?
8
Suppose -21*b = -28*b + 1337. What is the units digit of b?
1
Let t = -6017 - -9558. What is the thousands digit of t?
3
Let z = -2 + 6. Let f be 6/z*-2 + 5. Suppose 5*n + o = 17 + 34, 3*n + f*o - 25 = 0. What is the tens digit of n?
1
Let s(m) = m - 11. Let n be s(0). Let j = 11 + n. Suppose 0 = -t + d + 15, 5*d + 15 = j. What is the tens digit of t?
1
Suppose 41 + 34 = 3*f. Suppose -o + 120 - f = 0. Suppose 0 = 3*y - 13 - o. What is the tens digit of y?
3
Suppose 2*a + 3*l - 161 = -52, -2*a + 2*l = -104. Let p be a/(-3) + (-7)/21. What is the units digit of (-6)/p*3*9?
9
Let f be (0/1)/(-8 + 7). Let t(z) = -31*z**2 + z. Let d be t(1). Let x = f - d. What is the tens digit of x?
3
Let o(b) = 6*b**2 - 46*b + 3. What is the units digit of o(-7)?
9
Let l(g) = 171*g**2 + 34*g - 1. What is the thousands digit of l(4)?
2
Suppose 3*h + h = 12. Let b(o) = o. Let w(z) = 2. Let s(v) = 2*b(v) - w(v). What is the units digit of s(h)?
4
Suppo